 x - 10 = 0. Let j = g + 8. What is the tens digit of j?
1
Let x = 2 - -2. Suppose -4*o + 8 = -2*o. Suppose -o - x = -h. What is the units digit of h?
8
Let z(i) = -i**3 + 2*i**2 - 2*i - 2. Let u be z(2). Let y = 4 - u. What is the tens digit of y?
1
Suppose -4*c + 33 = 4*q - 7, 5*q - 4*c = 86. What is the units digit of q?
4
Let n(j) = -4*j**3 - j**2 - j. Let z be n(-1). Let i = -8 - z. What is the units digit of ((-64)/i)/((-6)/(-9))?
8
Let x = -124 + 180. What is the units digit of x?
6
Let t(v) = 2*v**2 + 10*v - 9. Let l be t(-9). Let m = 105 - l. Suppose 2*p - m + 12 = 0. What is the tens digit of p?
1
Let x(r) = 7 + 4*r - 2*r - 4*r. What is the units digit of x(0)?
7
Suppose 8*p = 3*p - 4*d + 135, -4*p + 99 = 5*d. What is the tens digit of p?
3
Suppose -4*r + 20 = -5*d, 0 = 5*d - 5*r + 31 - 6. Suppose -4*p = -2*v + 6, d = 3*v + 2*p + 10 - 3. What is the units digit of (2 - (9 - 1))*v?
6
Let n(s) = -6*s - 6. What is the units digit of n(-3)?
2
Let l = 4 - 6. What is the units digit of (8 - (-6)/l)/1?
5
Let m(c) = -c**2 + 8*c + 3. Let d be m(8). Suppose q + v = 5*v + 6, -d*q = -5*v - 11. What is the units digit of q?
2
Let f(s) = -s - 8. Let i be f(-10). Let t(h) = 116*h + 28. Let o(q) = 21*q + 5. Let m(j) = 28*o(j) - 5*t(j). What is the units digit of m(i)?
6
Suppose -4*t = 3*t - 182. What is the units digit of t?
6
Let s(h) = 2*h - 7. Let i be s(6). Let z = i + -5. Suppose 36 = 5*q - n, -2*q + z*q = 2*n - 24. What is the units digit of q?
8
Suppose 117 + 74 = 3*n + x, 0 = -5*n - 4*x + 309. What is the units digit of n?
5
Let p be (0/2)/(3/1). Let s be -8*(-9)/6 - p. Suppose 4*v = n - 2*n + 16, 0 = 4*v - s. What is the units digit of n?
4
Let m = -4 + -2. What is the units digit of (m/9)/(4/(-102))?
7
Suppose -5*p + 4*n + 5 = 0, 3*n = -5*p + 23 + 17. Suppose -4*z + p + 11 = 0. What is the units digit of z?
4
Suppose -2*f + 51 + 23 = -4*g, -2*g - 3*f - 17 = 0. What is the units digit of (20/g + 2)*12?
9
Let z(y) = y**3 + 10*y**2 - 12*y - 9. Let u be 2 - (-2 + -1 + 16). What is the units digit of z(u)?
2
Suppose 2*q = q + 12. What is the tens digit of q?
1
Let l be (1 - -54)*(-2)/(-1). Suppose -5*y = -4*u - l, -u + 6*u + 7 = -y. Suppose 4*n + 5*s + 18 = 3*n, -3*n + y = -3*s. What is the units digit of n?
2
Suppose -2*q - 5*q = -35. What is the units digit of q?
5
Let t(y) = y**2 - 4*y + 1. Let j be t(4). Suppose -g - 29 = -4*o, 6 = o + 2*g + j. What is the units digit of o?
7
Suppose -w = -4*q + 2*w + 5, 4*q + 5*w - 13 = 0. Let r be -12*((-20)/6 - -1). Suppose -2*d + r = q*d. What is the units digit of d?
7
Let k be 6/3*(-2)/4. What is the units digit of (3 - 2)/(k/(-3))?
3
What is the units digit of 3*(-7)/(21/(-8))?
8
Let d(n) = n**3 - 20*n**2 + 7*n + 25. What is the hundreds digit of d(20)?
1
Suppose 0 = -7*s + 2*s + 140. What is the tens digit of s?
2
What is the tens digit of (4 + -10)*37/(-2)?
1
Let n = -2 - -1. What is the units digit of (1 + 0 - n) + 4?
6
Suppose 2*v = 3*r, -4*v + r = 3*r. Let i(w) be the third derivative of w**6/120 - w**5/60 + 7*w**3/6 + 4*w**2. What is the units digit of i(v)?
7
Let d = -9 + 8. Let c be (-4)/2*d - -6. What is the units digit of c/12 + (-92)/(-6)?
6
Let n = 43 + 4. What is the units digit of n?
7
Let a(f) = -101*f - 11. What is the hundreds digit of a(-2)?
1
Let f(j) = 1. Let w(c) = -c - 6. Let v(d) = -3*f(d) - w(d). Let n(g) = g**3 + 4*g**2 + g - 2. Let u be n(-3). What is the units digit of v(u)?
7
Let c = -127 + 196. Suppose 5*j + 24 = c. What is the units digit of j?
9
What is the units digit of 10/(-15)*3*260/(-8)?
5
Let y(x) = x**2 + 4*x - 7. What is the units digit of y(-6)?
5
Suppose 5*t = 4*t + 8. Let q be (2/(-4))/(1/t). Let f = 7 + q. What is the units digit of f?
3
Let k(j) = j**3 + 9*j**2 - 2*j + 2. What is the units digit of k(-9)?
0
Let a(p) = -2*p**2 - 7*p - 2. Let w(q) = 8*q + 3*q**2 - 2 + 1 + 4. Let x(t) = 5*a(t) + 4*w(t). What is the units digit of x(3)?
1
Let t(j) = -5*j**2 - 8*j - 5. Let s(z) = 14*z**2 + 23*z + 14. Let n(p) = -6*s(p) - 17*t(p). What is the units digit of n(3)?
4
Let x = -11 + 16. What is the units digit of (-12)/3*x/(-4)?
5
Suppose 0 = -p + 82 - 1. What is the units digit of p?
1
Let t = -185 - -337. What is the units digit of t?
2
Suppose 2*i + 81 = -5*a, i = -4*a - 35 - 10. Let k = -23 - i. What is the tens digit of k?
1
Suppose 2*n - 5*n = -27. Let l = n + 5. What is the tens digit of l?
1
Suppose 0 = -12*f + 10*f + 88. What is the units digit of f?
4
What is the units digit of (-9)/6*104/(-6)?
6
Suppose -2*n - 9 = -n - 5*c, 4*n + 6 = 5*c. Let b = -1 + n. Suppose o + 0 - 2 = b. What is the units digit of o?
2
Suppose -13 = -4*z + 35. Let y = 3 - -4. Let g = z - y. What is the units digit of g?
5
Let f be -10*(-2 - 24/(-15)). Suppose 2*y = f*y - 8, 0 = -4*a + y + 36. Suppose 3*c - 52 + a = 0. What is the units digit of c?
4
Suppose 0 = -2*g + 2*c - 4, -4*c - 4 + 14 = -3*g. Let u(z) = z**3 - 3*z**2 + z + 3. Let a be u(3). What is the units digit of (0 - 1) + a/g?
2
Let u = 76 - 41. Let s = -21 + u. What is the tens digit of s?
1
Let i(o) = -7*o + 1. Let u be i(1). Let c(n) = -13*n**2 - 29*n + 1. Let l(h) = -7*h**2 - 15*h + 1. Let a(t) = 6*c(t) - 11*l(t). What is the tens digit of a(u)?
1
Let b = -6 - -9. Suppose 0 = 5*h, 0 = b*k + h + 4*h - 66. Suppose 3*p - 3*i - 4 = 32, p = 3*i + k. What is the units digit of p?
7
Let o(f) = f**2 + 2*f. Let x be o(-3). Suppose 22 = x*s - 11. What is the units digit of s?
1
Let f(z) = 3*z + 4. Let c(w) = w - 1. Let q(d) = -c(d) + f(d). What is the units digit of q(5)?
5
Let l = 43 - -38. What is the units digit of l?
1
Let h(x) = x**3 - 6*x**2 - x - 5. What is the tens digit of h(7)?
3
Let m = 6 - 2. Let y be (-1 + 1)/(m/2). Suppose 0 = -j - y*j + 6. What is the units digit of j?
6
Suppose 0 = -5*a - 5*t, -2*t - 6 = -4*a - 0. Suppose a = -2*c + 7. What is the units digit of c?
3
Suppose 0 = 3*r - 7 - 158. What is the units digit of r?
5
Suppose 3*c + 24 = -2*r - 42, -5*r - 15 = 0. Let u = 64 + c. What is the units digit of u/6 - (-8)/(-24)?
7
Suppose -6*h - h + 735 = 0. What is the hundreds digit of h?
1
Suppose -5*d = -10*d - 4*x, 2*d - 4*x = 0. Suppose -5*g = -d*g - 30. Let q = g - 3. What is the units digit of q?
3
Let v(t) be the first derivative of 2*t**3/3 - 7*t**2/2 + 4*t - 2. What is the units digit of v(5)?
9
Let j = 29 - 9. Suppose 4*r = j + 32. Let k = 18 - r. What is the units digit of k?
5
Let s(n) = n + 5. Let z(v) = 2*v - 9. Let l be z(6). Let f(r) = 2*r + 3. Let i be f(l). What is the tens digit of s(i)?
1
Suppose 0*p + 2*p - 198 = -3*s, 0 = 5*s - 2*p - 330. Suppose -19 = -5*z + s. What is the tens digit of z?
1
Let t(s) = -s**2 - s. Let a be t(-1). Suppose f = -5*u + 125, u - 21 = -2*f - 5. Suppose a = -5*z + u + 4. What is the units digit of z?
6
What is the units digit of 3*(3 + -4 + 8)?
1
Let m = 2 + -5. Let p = 28 + m. What is the tens digit of p?
2
Suppose 3*b - 5*b + 5*h + 121 = 0, h + 188 = 3*b. What is the units digit of b?
3
Let w(h) = 2*h - 1. Let r be w(7). Suppose -5*l + 10*l = -v + r, l - 5 = -v. Suppose 3*f = 4*z - 33, 0 = -v*z + 2*f - 3*f + 15. What is the units digit of z?
6
Suppose 0 = 2*m - 5*q - 345, 5*m + 2*q - 3*q = 805. What is the units digit of (-5)/2*m/(-50)?
8
Suppose 0*w + l - 126 = -w, 3*w - l - 366 = 0. What is the tens digit of w?
2
Suppose 12 = 3*k - 0. Suppose w - k = 16. What is the units digit of w?
0
Let y(m) = 3*m**3 - 2*m**2. Let v be y(-2). Let i = -13 - v. What is the units digit of i?
9
Suppose 4*w = 2*r + 10, -4*w - 8 = r - 21. Suppose -3*t - 4*q + w*q = -22, -5*t = -4*q - 14. What is the units digit of t?
6
Suppose -5*f + 3*f = -34. Suppose -4*r + 16 = -3*y + 3, f = 5*y + 3*r. What is the units digit of y?
1
Let m(c) = 7*c**2 - 7*c - 24. What is the tens digit of m(-4)?
1
Let w(b) = -5*b + 11*b + 1 + 2 + 2*b. What is the units digit of w(4)?
5
Suppose 0*w + 4*w + p + 35 = 0, 10 = -3*w - 4*p. Let r = w - -24. What is the tens digit of r?
1
Let j be 211/11 - 2/11. Let s = -10 + j. What is the units digit of s?
9
Let r be (5/10)/((-1)/2). Let i = 6 + r. What is the units digit of i?
5
What is the tens digit of 0/((-8)/4) - -15?
1
Let f be (-2)/(-4) + (-105)/(-2). Suppose 0 = 4*b, -3*d + 2*b + f = -7. What is the tens digit of d?
2
Suppose -k + 343 = f, f = 3*f. Wha